e prime factors of y?
13, 17, 43
Let b = 39 + -27. Suppose 4*j = -5*k + b, -j + 6 = -4*j. Suppose 177 = -k*l + 541. List the prime factors of l.
7, 13
Let v(t) = t**2 - 22*t - 161. Let s = 145 + -104. What are the prime factors of v(s)?
2, 3, 103
Suppose -583285 + 291371 = -112*p + 714966. What are the prime factors of p?
2, 5, 29, 31
Let q = -4838 + 9920. What are the prime factors of q?
2, 3, 7, 11
Let j = -186 - -90. Let w be 554/(-12) - 0 - (13/(-6) - -2). Let z = w - j. What are the prime factors of z?
2, 5
Suppose 3*i - 2*u = 8, -8*i + 5*u = -4*i - 20. Suppose i = -13*q + 16*q - 2175. What are the prime factors of q?
5, 29
Let v be -3 + (-5898)/8 - (-3)/12. Let r be (-3)/(-2) + v/8. Let o = 147 + r. What are the prime factors of o?
2, 7
Suppose 0 = 7*g - 22752 - 36020. Suppose 4*h = -z - 2*z + 5036, -4*h + g = 5*z. What are the prime factors of z?
2, 3, 5, 7
Suppose -3*o + 8900 = 7*d - 5*d, -3*o - 8864 = -2*d. List the prime factors of d.
4441
Suppose -20*z + 18*z = -16, 2*w + 3*z = 117894. List the prime factors of w.
3, 5, 3929
Suppose r - 10 = -r + 4*t, -4*t - 7 = -3*r. What are the prime factors of (-6)/(-21) + 2630/7 + r?
373
Let u(a) = a**2 - 8*a - 69. Suppose -4*j = -8*j + 100. What are the prime factors of u(j)?
2, 89
Let s(r) be the third derivative of -43*r**6/12 + r**5/60 - 13*r**4/24 - 13*r**3/6 + 4*r**2 - 8. List the prime factors of s(-1).
431
Suppose -9*w = 2*w + 440. Let h = -26 - w. What are the prime factors of h/49 - 38/(-14)?
3
Let s(a) = -3*a - 27. Let w be s(-19). Let o(j) = -24 - 8 - w*j + 12. What are the prime factors of o(-5)?
2, 5, 13
Suppose 4*g + 15 = 7*g. Suppose 1 = -g*h - 9. What are the prime factors of h/6*-114*1?
2, 19
Let k = 466 - 613. Let g = k + 266. List the prime factors of g.
7, 17
Suppose 21*j - 77 - 49 = 0. Let y(l) = l**3 + 4*l**2 - 2*l + 4. What are the prime factors of y(j)?
2, 11
Let o(a) = -a + 6. Let c be o(-7). Suppose 2*l + 54285 = 79*l. Suppose -c*m + l = -1102. What are the prime factors of m?
139
Let j be 4/(-8)*2 + (5 - 2). Suppose -h - 2010 = -3*z, j*z - h = -0*h + 1340. List the prime factors of z.
2, 5, 67
Suppose -3*g - f = -31, -2*g + 3*f - 5*f + 14 = 0. Suppose -775 = -g*c + 5981. What are the prime factors of c?
563
Let o(i) = i**3 + i**2 - 11*i - 6. Let m be o(-4). Let d be (-17)/(-2) - (-5)/m. List the prime factors of 330/(-4)*d/(-6).
2, 5, 11
Suppose 9*n - 10*n + 1192 = 0. Suppose 228 = -4*b + n. Suppose 10*d - b = 1289. List the prime factors of d.
3, 17
Let d(p) be the third derivative of -103*p**6/60 + p**4/12 + p**3/6 + 10*p**2 - 2. What are the prime factors of d(-1)?
5, 41
Suppose 3*u = -4*r + 1242, -2*u = r - 5*u - 318. Let y = -15 + r. List the prime factors of y.
3, 11
Suppose 9 = -4*u + u. Let f be (0 - 0)/(1 + u). Suppose z = -f*z + 5*n + 64, z - 4*n = 62. List the prime factors of z.
2, 3
Suppose -3*o + 5*o = 3*o. Suppose -2*n = 5*u + 81, -4*u + o*u = 2*n + 66. What are the prime factors of (-304 + 1)*5/u?
101
List the prime factors of 1/(-3 - 202489/(-67494)).
2, 3, 1607
Let r = 584 + -974. Let s = r + 527. List the prime factors of s.
137
Let k = -5763 + 18522. What are the prime factors of k?
3, 4253
Suppose 51*j = 48*j + 24. Suppose 3*d = 5*t + 2147, 0 = 4*t - 8*t + j. List the prime factors of d.
719
Let c be 2 + -104 - -1 - 1. Let y = 75 - c. Suppose -w = 3*z - 236, -2*z = 3*w + 22 - y. What are the prime factors of z?
79
Suppose -3*d + 8*d = -4*t + 206, 253 = 5*t + 4*d. Suppose 8*u - 7 = t. List the prime factors of u.
7
Suppose -i = -58*i + 245955. What are the prime factors of i?
5, 863
Suppose 2800 = -13*u + 41*u. Suppose 0 = z + 2*f - 50, -2*f = -2*z - 0*f + u. List the prime factors of z.
2, 5
Suppose -15*r - 16 = -17*r. Suppose -r*u + 19*u = 3080. What are the prime factors of u?
2, 5, 7
Let i(l) be the second derivative of 2*l**4/3 - 29*l**3/6 - 19*l**2/2 + l - 1. What are the prime factors of i(9)?
2, 23
Suppose 0 = -u + 11*u - 136970. List the prime factors of u.
13697
Let a = 399 - -144. Suppose -1243 = -2*y - v, -2*v = -y + a + 76. List the prime factors of y.
3, 23
Suppose -2*z + 3440 = -4*t, z = -5*t + 833 + 943. What are the prime factors of z?
2, 7, 31
Let t = 11437 - 5604. What are the prime factors of t?
19, 307
Suppose 41 = x + 42. What are the prime factors of 7 + x - (-140)/(-35)?
2
Suppose 140*k - 100604 = 1205596. What are the prime factors of k?
2, 3, 5, 311
Suppose i - 12325 = 4*y, 4*i - 47510 - 1751 = 3*y. List the prime factors of i.
7, 1759
Suppose -5*y + 4*h + 12 = 0, -y + 2*h = -0*y. Suppose -2*m = -2*f + 3*m + 247, -f - y*m + 117 = 0. List the prime factors of f.
11
Suppose 248*g - 252*g + 5024 = 4*l, 3*g + 5*l = 3752. What are the prime factors of g?
2, 79
Suppose 0 = 12*t + 44303 + 48793. What are the prime factors of t/(-10) + (-7)/(-35)?
2, 97
Suppose 0 = -32*b - 23*b + 546535. List the prime factors of b.
19, 523
Suppose 20*l - 2997 = 3243. Suppose l*v - 2734 = 310*v. List the prime factors of v.
1367
Suppose 24*x + 10 = 23*x. What are the prime factors of 885/6 - (105/x)/7?
149
Suppose 4*j - 5*l = 1232, l + 323 = j - 4*l. Let f = j + -86. What are the prime factors of f?
7, 31
Let z = 602 + -605. Let l(n) = -4*n - 2*n + 18 - 10 + 9. What are the prime factors of l(z)?
5, 7
Let r(i) = -i**2 + 20*i + 97. Let k be r(24). What are the prime factors of (18/(-32)*-4)/(k/48)?
2, 3
Let v = 34261 + -17525. List the prime factors of v.
2, 523
Suppose -27352 - 3693 = -5*l + 3*h, h = -5*l + 31045. List the prime factors of l.
7, 887
Let k(o) = 3*o - 114. Let c be k(40). What are the prime factors of 6 - ((-3192)/7)/c?
2, 41
Suppose 0 = -h - 3*u - 130 - 16, -290 = 2*h + 5*u. Let v = h + 201. What are the prime factors of v?
61
Suppose -117945 = -22*q + 74599. List the prime factors of q.
2, 547
Suppose -5*l = -5*h + 15, 9*h - 8*h - 3 = 0. Suppose -2*y = -r - 363, -5*r + 198 = y - l*r. List the prime factors of y.
3, 61
Let w = 57 + -57. Suppose w = -x + 4*a - 1, x = 3*a - a + 3. What are the prime factors of (-673)/(-3) + -2*x/42?
2, 7
Let q(i) = -86*i + 11525. What are the prime factors of q(0)?
5, 461
Let q(r) = -903*r + 214. List the prime factors of q(-10).
2, 2311
Suppose 4*w - 3465 = -z, -z = 2*w - 1548 - 1923. List the prime factors of z.
3, 19, 61
Let u(y) = -23*y**3 - 9*y**2 - 8*y + 20. Let v be u(-9). Suppose -15*j + 5*j = -v. What are the prime factors of j?
1613
Let c(x) be the second derivative of x**3/2 - 13*x**2 - 33*x. Let r be c(6). Let m = 30 - r. List the prime factors of m.
2, 19
Suppose 8*j - 12*j = -3*r - 241, -2*r = 3*j - 202. What are the prime factors of (-3)/(15/(-20))*j?
2
Suppose 11*c = 223 + 580. Suppose c*h - 93 = 70*h. What are the prime factors of h?
31
Let f(y) = -y**2 + 8*y + 6. Suppose -4*u + 19 = -0*u - 3*c, -3*u + 2*c + 14 = 0. List the prime factors of f(u).
2, 11
List the prime factors of 18/8*(-106208)/(-24).
3, 3319
Let v(b) = 56*b**2 + 6*b + 42. Let x be v(6). Suppose 2915 = 5*n - 2*a, 3*a - x - 846 = -5*n. What are the prime factors of n?
3, 5, 13
Suppose -x + 4 = 0, 0 = -d - 5*x + 4124 - 625. Suppose -8*r + d + 2729 = 0. What are the prime factors of r?
2, 97
List the prime factors of (-5313)/(-10) + (-774)/2580.
3, 59
Let r be -4*2/(-4) - -50 - 0. Let z be (9/6)/(r/40 - 1). Suppose z*q - 192 - 193 = 0. What are the prime factors of q?
7, 11
Suppose 2856 = 5*k - k. List the prime factors of ((-72)/7)/(5703/k - 8).
2, 3, 17
Let o be (-55)/(-44)*(3 - -1). Suppose -7*r = -2*r - o*d - 6340, -3*d = -9. What are the prime factors of r?
31, 41
Let y = 1889 + -1895. Let n(g) = g. Let v(s) = 4*s**2 - 8*s - 10. Let r(i) = 3*n(i) + v(i). List the prime factors of r(y).
2, 41
Let q be 2*-13*(-4)/(-8). Let l(t) = -t - 16. Let h be l(q). List the prime factors of 4 + 47 + (-2)/(h - -1).
2, 13
Let v(k) = 10*k + 12. Suppose -115 = -7*m + 67. Let g be m/7 + 20/70. List the prime factors of v(g).
2, 13
Let v = 10215 + -8633. What are the prime factors of v?
2, 7, 113
Let k be (-4)/6 + (451/33 - 9). Suppose -p - 2*p + 551 = 4*i, -3*i + 422 = k*p. What are the prime factors of i?
2, 67
Let a = 29011 - 13919. List the prime factors of a.
2, 7, 11
Let n(h) = h**3 + 3*h**2 - 11*h - 2. Let i be n(-5). Suppose 5*u = 5, i*c - 2*c - 3*u = 294. Let f = c - 202. What are the prime factors of f?
5, 19
Let t = -2